486911 and 212.
53
What is the greatest common divisor of 1639 and 211211?
11
What is the highest common divisor of 7 and 140203?
7
Calculate the highest common factor of 76 and 6020.
4
What is the greatest common factor of 99893 and 1719?
191
What is the highest common factor of 975070 and 10?
10
What is the greatest common divisor of 374 and 549032?
374
Calculate the highest common divisor of 7637 and 161.
7
What is the greatest common factor of 217916 and 123532?
1388
What is the highest common divisor of 39277 and 1736?
217
What is the greatest common factor of 172 and 823192?
172
Calculate the greatest common factor of 115765 and 20280.
845
What is the greatest common factor of 243729 and 29205?
531
What is the greatest common factor of 6622 and 700?
14
What is the highest common factor of 772 and 4383223?
193
What is the highest common divisor of 39536 and 252?
28
What is the highest common divisor of 62 and 3005140?
62
Calculate the highest common factor of 3045 and 1455.
15
Calculate the highest common factor of 136053 and 27.
27
Calculate the highest common divisor of 1708 and 152.
4
What is the greatest common divisor of 290 and 501265?
145
Calculate the greatest common factor of 506093 and 197.
197
Calculate the highest common factor of 136 and 4064.
8
Calculate the greatest common divisor of 23373 and 14310.
477
What is the greatest common divisor of 13260 and 188190?
510
What is the highest common factor of 3315 and 455?
65
Calculate the highest common factor of 1333060 and 45.
5
What is the highest common factor of 1284792 and 94?
94
What is the greatest common divisor of 33341 and 119?
7
What is the greatest common divisor of 4368 and 1152?
48
What is the highest common divisor of 1231900 and 900?
100
What is the highest common factor of 22420 and 42180?
380
What is the greatest common divisor of 3179 and 286?
11
What is the highest common factor of 79332 and 2376?
132
What is the greatest common divisor of 322 and 8326?
46
What is the highest common factor of 10346 and 224?
14
Calculate the greatest common factor of 4348 and 20.
4
What is the highest common divisor of 82070 and 290?
290
Calculate the greatest common divisor of 426 and 96134.
142
What is the highest common factor of 272 and 9724?
68
Calculate the greatest common divisor of 16605 and 6264.
27
What is the greatest common divisor of 2093427 and 909?
909
Calculate the greatest common divisor of 215897 and 57.
19
What is the highest common divisor of 7564 and 20374?
122
Calculate the greatest common factor of 93 and 759624.
93
Calculate the highest common factor of 250 and 300250.
250
What is the greatest common factor of 594355 and 435?
145
Calculate the highest common divisor of 366 and 124.
2
Calculate the highest common factor of 6750 and 5475.
75
What is the highest common divisor of 13 and 15379?
13
What is the greatest common divisor of 3180 and 13674?
318
What is the greatest common divisor of 87 and 27550?
29
Calculate the highest common divisor of 164 and 107256.
164
Calculate the highest common factor of 164 and 26773.
41
What is the highest common divisor of 594 and 825?
33
What is the greatest common divisor of 110 and 2892670?
110
Calculate the greatest common divisor of 921 and 628736.
307
Calculate the greatest common divisor of 2254 and 2944.
46
Calculate the greatest common divisor of 560 and 700.
140
What is the greatest common factor of 15748912 and 16?
16
Calculate the highest common factor of 34486 and 4042.
86
What is the greatest common divisor of 608 and 407816?
152
Calculate the highest common factor of 3286 and 175491.
31
What is the greatest common divisor of 39648 and 1736?
56
What is the greatest common factor of 140 and 112?
28
What is the greatest common factor of 122640 and 146160?
1680
Calculate the highest common divisor of 34112 and 39.
13
What is the highest common divisor of 1762093 and 787?
787
What is the greatest common factor of 1160 and 727784?
232
Calculate the greatest common factor of 15900 and 3445.
265
What is the greatest common factor of 230118 and 21?
21
Calculate the greatest common factor of 14674209 and 2343.
2343
What is the greatest common factor of 1302 and 31961?
31
Calculate the greatest common divisor of 2263 and 3723.
73
Calculate the highest common factor of 3676 and 76.
4
What is the highest common divisor of 463094 and 3?
1
Calculate the greatest common divisor of 1011864 and 152.
152
Calculate the highest common divisor of 806 and 1222.
26
Calculate the greatest common factor of 19605309 and 681.
681
What is the highest common divisor of 421173 and 1653?
57
Calculate the highest common factor of 225760 and 360.
40
What is the greatest common factor of 2470 and 3120?
130
What is the highest common divisor of 2241 and 20667?
249
What is the highest common factor of 39 and 62218?
13
Calculate the highest common divisor of 27477 and 253683.
639
Calculate the greatest common divisor of 4 and 40298.
2
What is the greatest common divisor of 782 and 3502?
34
What is the highest common factor of 101 and 3835273?
101
What is the greatest common factor of 14024 and 20?
4
Calculate the highest common factor of 935 and 530519.
187
Calculate the greatest common divisor of 51504 and 144.
48
Calculate the greatest common divisor of 64 and 4617952.
32
Calculate the highest common divisor of 24032 and 224.
32
What is the greatest common divisor of 532 and 2716?
28
Calculate the highest common factor of 249108 and 12.
12
Calculate the highest common divisor of 15200 and 34480.
80
What is the highest common factor of 33 and 57?
3
Calculate the highest common divisor of 265 and 9005.
5
What is the greatest common divisor of 31408447 and 301?
301
Calculate the greatest common factor of 141727 and 239.
239
What is the greatest common divisor of 178959 and 51?
51
Calculate the greatest common divisor of 217 and 1345183.
217
Calculate the highest common factor of 80845 and 115.
115
What is the highest common factor of 301 and 843101?
301
What is the greatest common divisor of 2200 and 2431550?
550
What is the highest common divisor of 103115 and 14587?
503
Calculate the highest common divisor of 1235 and 164749.
247
What is the highest common factor of 4959 and 1235?
19
Calculate the greatest common factor of 1147 and 212713.
37
What is the highest common divisor of 7348736 and 256?
256
Calculate the highest common divisor of 18 and 64892.
2
Calculate the greatest common divisor of 135298 and 10126.
122
What is the highest common divisor of 2044 and 448?
28
What is the greatest common divisor of 576515 and 10?
5
Calculate the highest common factor of 996 and 5644.
332
Calculate the highest common divisor of 40296 and 552.
552
What is the greatest common divisor of 1 and 240?
1
What is the highest common divisor of 5106 and 142278?
138
Calculate the highest common divisor of 84 and 849219.
21
What is the greatest common factor of 822 and 213172?
274
Calculate the highest common divisor of 10 and 1790.
10
What is the highest common factor of 19 and 32794?
19
Calculate the greatest common factor of 126800 and 2800.
400
What is the highest common divisor of 5 and 17165?
5
What is the highest common divisor of 15132 and 1560?
156
What is the greatest common factor of 1236 and 39243?
309
Calculate the greatest common factor of 18172 and 8668.
44
Calculate the highest common factor of 144 and 821520.
144
Calculate the highest common divisor of 4704 and 2096.
16
What is the greatest common divisor of 5491 and 475?
19
What is the greatest common factor of 1423314 and 428?
214
What is the greatest common divisor of 5390 and 45?
5
Calculate the greatest common divisor of 46 and 614491.
23
Calculate the highest common factor of 103 and 275731.
103
What is the highest common factor of 894177 and 657?
657
Calculate the highest common factor of 4528 and 110464.
16
What is the highest common divisor of 115 and 303255?
115
What is the highest common divisor of 7618 and 258719?
293
What is the highest common divisor of 3012 and 2486406?
1506
What is the highest common factor of 41409 and 76077?
963
Calculate the highest common divisor of 692 and 25431.
173
What is the highest common factor of 2553 and 42?
3
Calculate the greatest common fac